{"id":11221,"date":"2024-05-13T21:35:35","date_gmt":"2024-05-13T21:35:35","guid":{"rendered":"https:\/\/www.verticalproteccioncontracaidas.com\/V2.0\/?page_id=11221"},"modified":"2024-08-07T14:47:24","modified_gmt":"2024-08-07T19:47:24","slug":"nosotros","status":"publish","type":"page","link":"https:\/\/www.verticalproteccioncontracaidas.com\/V2.0\/nosotros\/","title":{"rendered":"Nosotros"},"content":{"rendered":"\t\t<div data-elementor-type=\"wp-page\" data-elementor-id=\"11221\" class=\"elementor elementor-11221\" data-elementor-post-type=\"page\">\n\t\t\t\t<div class=\"elementor-element elementor-element-27e96c4 e-con-full e-flex e-con e-parent\" data-id=\"27e96c4\" data-element_type=\"container\">\n\t\t<div class=\"elementor-element elementor-element-06a6daf e-flex e-con-boxed e-con e-child\" data-id=\"06a6daf\" data-element_type=\"container\">\n\t\t\t\t\t<div class=\"e-con-inner\">\n\t\t\t\t<div class=\"elementor-element elementor-element-8b4ee03 elementor-widget elementor-widget-heading\" data-id=\"8b4ee03\" data-element_type=\"widget\" data-widget_type=\"heading.default\">\n\t\t\t\t<div class=\"elementor-widget-container\">\n\t\t\t<style>\/*! elementor - v3.23.0 - 05-08-2024 *\/\n.elementor-heading-title{padding:0;margin:0;line-height:1}.elementor-widget-heading .elementor-heading-title[class*=elementor-size-]>a{color:inherit;font-size:inherit;line-height:inherit}.elementor-widget-heading .elementor-heading-title.elementor-size-small{font-size:15px}.elementor-widget-heading .elementor-heading-title.elementor-size-medium{font-size:19px}.elementor-widget-heading .elementor-heading-title.elementor-size-large{font-size:29px}.elementor-widget-heading .elementor-heading-title.elementor-size-xl{font-size:39px}.elementor-widget-heading .elementor-heading-title.elementor-size-xxl{font-size:59px}<\/style><h2 class=\"elementor-heading-title elementor-size-default\">Expertos en Trabajo Seguro en Alturas: 10 A\u00f1os de Impacto Nacional<\/h2>\t\t<\/div>\n\t\t\t\t<\/div>\n\t\t\t\t<div class=\"elementor-element elementor-element-0320fde elementor-widget elementor-widget-text-editor\" data-id=\"0320fde\" data-element_type=\"widget\" data-widget_type=\"text-editor.default\">\n\t\t\t\t<div class=\"elementor-widget-container\">\n\t\t\t<style>\/*! elementor - v3.23.0 - 05-08-2024 *\/\n.elementor-widget-text-editor.elementor-drop-cap-view-stacked .elementor-drop-cap{background-color:#69727d;color:#fff}.elementor-widget-text-editor.elementor-drop-cap-view-framed .elementor-drop-cap{color:#69727d;border:3px solid;background-color:transparent}.elementor-widget-text-editor:not(.elementor-drop-cap-view-default) .elementor-drop-cap{margin-top:8px}.elementor-widget-text-editor:not(.elementor-drop-cap-view-default) .elementor-drop-cap-letter{width:1em;height:1em}.elementor-widget-text-editor .elementor-drop-cap{float:left;text-align:center;line-height:1;font-size:50px}.elementor-widget-text-editor .elementor-drop-cap-letter{display:inline-block}<\/style>\t\t\t\t<p>Bienvenido a nuestra organizaci\u00f3n, l\u00edder en actividades de alto riesgo con m\u00e1s de una d\u00e9cada de experiencia y un impacto significativo a nivel nacional. Nos especializamos en Trabajo Seguro en Alturas, ofreciendo soluciones integrales para la prevenci\u00f3n y protecci\u00f3n del personal en entornos\u00a0desafiantes.<\/p><p>Somos una compa\u00f1\u00eda con m\u00e1s de 10 a\u00f1os de experiencia en formaci\u00f3n capacitando personal y liderando actividades de alto riesgo en todos los sectores econ\u00f3micos; implementando sistemas de protecci\u00f3n contra ca\u00eddas mediante l\u00edneas de vida horizontal &#8211; vertical, puntos de anclaje y sistemas de ingenier\u00eda para la prevenci\u00f3n y protecci\u00f3n de la vida\u00a0de\u00a0las\u00a0personas<\/p>\t\t\t\t\t\t<\/div>\n\t\t\t\t<\/div>\n\t\t\t\t\t<\/div>\n\t\t\t\t<\/div>\n\t\t<div class=\"elementor-element elementor-element-08dd83b e-con-full e-flex e-con e-child\" data-id=\"08dd83b\" data-element_type=\"container\" data-settings=\"{&quot;background_background&quot;:&quot;classic&quot;}\">\n\t\t\t\t<div class=\"elementor-element elementor-element-dfc55d8 elementor-widget__width-initial elementor-widget elementor-widget-heading\" data-id=\"dfc55d8\" data-element_type=\"widget\" data-widget_type=\"heading.default\">\n\t\t\t\t<div class=\"elementor-widget-container\">\n\t\t\t<h2 class=\"elementor-heading-title elementor-size-default\">Durante estos 10 a\u00f1os de trayectoria, hemos consolidado unidades de negocio especializadas en actividades de alto riesgo que abordan diversas \u00e1reas clave.<\/h2>\t\t<\/div>\n\t\t\t\t<\/div>\n\t\t\t\t<\/div>\n\t\t<div class=\"elementor-element elementor-element-202a122 e-flex e-con-boxed e-con e-child\" data-id=\"202a122\" data-element_type=\"container\">\n\t\t\t\t\t<div class=\"e-con-inner\">\n\t\t<div class=\"elementor-element elementor-element-7702c77 e-con-full e-flex e-con e-child\" data-id=\"7702c77\" data-element_type=\"container\">\n\t\t\t\t<div class=\"elementor-element elementor-element-d272b50 elementor-widget elementor-widget-heading\" data-id=\"d272b50\" data-element_type=\"widget\" data-widget_type=\"heading.default\">\n\t\t\t\t<div class=\"elementor-widget-container\">\n\t\t\t<h2 class=\"elementor-heading-title elementor-size-default\">\u00bfPor qu\u00e9 Elegirnos?<\/h2>\t\t<\/div>\n\t\t\t\t<\/div>\n\t\t\t\t<\/div>\n\t\t<div class=\"elementor-element elementor-element-f4ce9ca e-con-full e-flex e-con e-child\" data-id=\"f4ce9ca\" data-element_type=\"container\">\n\t\t\t\t<div class=\"elementor-element elementor-element-9c571e4 elementor-view-default elementor-position-top elementor-mobile-position-top elementor-widget elementor-widget-icon-box\" data-id=\"9c571e4\" data-element_type=\"widget\" data-widget_type=\"icon-box.default\">\n\t\t\t\t<div class=\"elementor-widget-container\">\n\t\t\t<link rel=\"stylesheet\" href=\"https:\/\/www.verticalproteccioncontracaidas.com\/V2.0\/wp-content\/plugins\/elementor\/assets\/css\/widget-icon-box.min.css\">\t\t<div class=\"elementor-icon-box-wrapper\">\n\n\t\t\t\t\t\t<div class=\"elementor-icon-box-icon\">\n\t\t\t\t<a href=\"https:\/\/www.verticalproteccioncontracaidas.com\/V2.0\/wp-content\/uploads\/2024\/05\/VERTICAL-PROTECCION-CONTRACAIDAS-128841.pdf\" download=\"\" class=\"elementor-icon elementor-animation-\" tabindex=\"-1\">\n\t\t\t\t<i aria-hidden=\"true\" class=\"fas fa-award\"><\/i>\t\t\t\t<\/a>\n\t\t\t<\/div>\n\t\t\t\n\t\t\t\t\t\t<div class=\"elementor-icon-box-content\">\n\n\t\t\t\t\t\t\t\t\t<h3 class=\"elementor-icon-box-title\">\n\t\t\t\t\t\t<a href=\"https:\/\/www.verticalproteccioncontracaidas.com\/V2.0\/wp-content\/uploads\/2024\/05\/VERTICAL-PROTECCION-CONTRACAIDAS-128841.pdf\" download=\"\" >\n\t\t\t\t\t\t\tCalidad Garantizada\t\t\t\t\t\t<\/a>\n\t\t\t\t\t<\/h3>\n\t\t\t\t\n\t\t\t\t\t\t\t\t\t<p class=\"elementor-icon-box-description\">\n\t\t\t\t\t\tContamos con campo de entrenamiento de trabajo en alturas avalado por el ministerio de trabajo y cumpliendo lineamientos de la\u00a0NTC\u00a06072\/2014\t\t\t\t\t<\/p>\n\t\t\t\t\n\t\t\t<\/div>\n\t\t\t\n\t\t<\/div>\n\t\t\t\t<\/div>\n\t\t\t\t<\/div>\n\t\t\t\t<\/div>\n\t\t<div class=\"elementor-element elementor-element-9b51851 e-con-full e-flex e-con e-child\" data-id=\"9b51851\" data-element_type=\"container\">\n\t\t\t\t<div class=\"elementor-element elementor-element-6980a11 elementor-view-default elementor-position-top elementor-mobile-position-top elementor-widget elementor-widget-icon-box\" data-id=\"6980a11\" data-element_type=\"widget\" data-widget_type=\"icon-box.default\">\n\t\t\t\t<div class=\"elementor-widget-container\">\n\t\t\t\t\t<div class=\"elementor-icon-box-wrapper\">\n\n\t\t\t\t\t\t<div class=\"elementor-icon-box-icon\">\n\t\t\t\t<span  class=\"elementor-icon elementor-animation-\">\n\t\t\t\t<i aria-hidden=\"true\" class=\"fas fa-check-square\"><\/i>\t\t\t\t<\/span>\n\t\t\t<\/div>\n\t\t\t\n\t\t\t\t\t\t<div class=\"elementor-icon-box-content\">\n\n\t\t\t\t\t\t\t\t\t<h3 class=\"elementor-icon-box-title\">\n\t\t\t\t\t\t<span  >\n\t\t\t\t\t\t\tExperiencia Probada\t\t\t\t\t\t<\/span>\n\t\t\t\t\t<\/h3>\n\t\t\t\t\n\t\t\t\t\t\t\t\t\t<p class=\"elementor-icon-box-description\">\n\t\t\t\t\t\tDiez a\u00f1os de experiencia liderando la seguridad y trabajo en alturas con m\u00e1s de 300 clientes a nivel nacional en el sector privado y publico, adem\u00e1s, con registro \u00fanico\u00a0de\u00a0proponentes.\t\t\t\t\t<\/p>\n\t\t\t\t\n\t\t\t<\/div>\n\t\t\t\n\t\t<\/div>\n\t\t\t\t<\/div>\n\t\t\t\t<\/div>\n\t\t\t\t<\/div>\n\t\t<div class=\"elementor-element elementor-element-c009bf0 e-con-full e-flex e-con e-child\" data-id=\"c009bf0\" data-element_type=\"container\">\n\t\t\t\t<div class=\"elementor-element elementor-element-555528b elementor-view-default elementor-position-top elementor-mobile-position-top elementor-widget elementor-widget-icon-box\" data-id=\"555528b\" data-element_type=\"widget\" data-widget_type=\"icon-box.default\">\n\t\t\t\t<div class=\"elementor-widget-container\">\n\t\t\t\t\t<div class=\"elementor-icon-box-wrapper\">\n\n\t\t\t\t\t\t<div class=\"elementor-icon-box-icon\">\n\t\t\t\t<span  class=\"elementor-icon elementor-animation-\">\n\t\t\t\t<i aria-hidden=\"true\" class=\"fas fa-sitemap\"><\/i>\t\t\t\t<\/span>\n\t\t\t<\/div>\n\t\t\t\n\t\t\t\t\t\t<div class=\"elementor-icon-box-content\">\n\n\t\t\t\t\t\t\t\t\t<h3 class=\"elementor-icon-box-title\">\n\t\t\t\t\t\t<span  >\n\t\t\t\t\t\t\tEnfoque Integral\t\t\t\t\t\t<\/span>\n\t\t\t\t\t<\/h3>\n\t\t\t\t\n\t\t\t\t\t\t\t\t\t<p class=\"elementor-icon-box-description\">\n\t\t\t\t\t\tOfrecemos soluciones completas desde la formaci\u00f3n, administraci\u00f3n de los programas de protecci\u00f3n contra ca\u00eddas y realizamos visitas a las empresas para la implementaci\u00f3n de sistemas de protecci\u00f3n o sistemas\u00a0de\u00a0ingenier\u00eda.\t\t\t\t\t<\/p>\n\t\t\t\t\n\t\t\t<\/div>\n\t\t\t\n\t\t<\/div>\n\t\t\t\t<\/div>\n\t\t\t\t<\/div>\n\t\t\t\t<\/div>\n\t\t<div class=\"elementor-element elementor-element-1ddbba7 e-con-full e-flex e-con e-child\" data-id=\"1ddbba7\" data-element_type=\"container\">\n\t\t\t\t<div class=\"elementor-element elementor-element-81313cc elementor-view-default elementor-position-top elementor-mobile-position-top elementor-widget elementor-widget-icon-box\" data-id=\"81313cc\" data-element_type=\"widget\" data-widget_type=\"icon-box.default\">\n\t\t\t\t<div class=\"elementor-widget-container\">\n\t\t\t\t\t<div class=\"elementor-icon-box-wrapper\">\n\n\t\t\t\t\t\t<div class=\"elementor-icon-box-icon\">\n\t\t\t\t<span  class=\"elementor-icon elementor-animation-\">\n\t\t\t\t<i aria-hidden=\"true\" class=\"fas fa-user-shield\"><\/i>\t\t\t\t<\/span>\n\t\t\t<\/div>\n\t\t\t\n\t\t\t\t\t\t<div class=\"elementor-icon-box-content\">\n\n\t\t\t\t\t\t\t\t\t<h3 class=\"elementor-icon-box-title\">\n\t\t\t\t\t\t<span  >\n\t\t\t\t\t\t\tPersonal Capacitado\t\t\t\t\t\t<\/span>\n\t\t\t\t\t<\/h3>\n\t\t\t\t\n\t\t\t\t\t\t\t\t\t<p class=\"elementor-icon-box-description\">\n\t\t\t\t\t\tContamos con ingenieros cumpliendo con persona calificada de la legislaci\u00f3n Colombia para trabajo en alturas\u00a04272-\u00a02021\t\t\t\t\t<\/p>\n\t\t\t\t\n\t\t\t<\/div>\n\t\t\t\n\t\t<\/div>\n\t\t\t\t<\/div>\n\t\t\t\t<\/div>\n\t\t\t\t<\/div>\n\t\t\t\t\t<\/div>\n\t\t\t\t<\/div>\n\t\t<div class=\"elementor-element elementor-element-ba5fc28 e-flex e-con-boxed e-con e-child\" data-id=\"ba5fc28\" data-element_type=\"container\">\n\t\t\t\t\t<div class=\"e-con-inner\">\n\t\t\t\t<div class=\"elementor-element elementor-element-26b0f24 elementor-widget elementor-widget-heading\" data-id=\"26b0f24\" data-element_type=\"widget\" data-widget_type=\"heading.default\">\n\t\t\t\t<div class=\"elementor-widget-container\">\n\t\t\t<h2 class=\"elementor-heading-title elementor-size-default\">\u00danete a Nosotros<\/h2>\t\t<\/div>\n\t\t\t\t<\/div>\n\t\t\t\t<div class=\"elementor-element elementor-element-4f3931a elementor-widget elementor-widget-text-editor\" data-id=\"4f3931a\" data-element_type=\"widget\" data-widget_type=\"text-editor.default\">\n\t\t\t\t<div class=\"elementor-widget-container\">\n\t\t\t\t\t\t\t<p>Ya sea que necesite capacitaci\u00f3n, certificaci\u00f3n o soluciones personalizadas en seguridad en alturas y actividades de alto riesgo, estamos aqu\u00ed para ayudarle. Cont\u00e1ctenos hoy mismo y descubra por qu\u00e9 somos la elecci\u00f3n confiable para sus necesidades de trabajo seguro en alturas.<\/p>\t\t\t\t\t\t<\/div>\n\t\t\t\t<\/div>\n\t\t\t\t\t<\/div>\n\t\t\t\t<\/div>\n\t\t<div class=\"elementor-element elementor-element-fb83bea e-con-full e-flex e-con e-child\" data-id=\"fb83bea\" data-element_type=\"container\">\n\t\t\t\t<div class=\"elementor-element elementor-element-c522d7e elementor-widget elementor-widget-image-carousel\" data-id=\"c522d7e\" data-element_type=\"widget\" data-settings=\"{&quot;slides_to_show&quot;:&quot;5&quot;,&quot;slides_to_scroll&quot;:&quot;1&quot;,&quot;navigation&quot;:&quot;none&quot;,&quot;image_spacing_custom&quot;:{&quot;unit&quot;:&quot;px&quot;,&quot;size&quot;:0,&quot;sizes&quot;:[]},&quot;slides_to_show_tablet&quot;:&quot;5&quot;,&quot;slides_to_show_mobile&quot;:&quot;3&quot;,&quot;autoplay&quot;:&quot;yes&quot;,&quot;pause_on_hover&quot;:&quot;yes&quot;,&quot;pause_on_interaction&quot;:&quot;yes&quot;,&quot;autoplay_speed&quot;:5000,&quot;infinite&quot;:&quot;yes&quot;,&quot;speed&quot;:500,&quot;image_spacing_custom_tablet&quot;:{&quot;unit&quot;:&quot;px&quot;,&quot;size&quot;:&quot;&quot;,&quot;sizes&quot;:[]},&quot;image_spacing_custom_mobile&quot;:{&quot;unit&quot;:&quot;px&quot;,&quot;size&quot;:&quot;&quot;,&quot;sizes&quot;:[]}}\" data-widget_type=\"image-carousel.default\">\n\t\t\t\t<div class=\"elementor-widget-container\">\n\t\t\t<style>\/*! elementor - v3.23.0 - 05-08-2024 *\/\n.elementor-widget-image-carousel .swiper,.elementor-widget-image-carousel .swiper-container{position:static}.elementor-widget-image-carousel .swiper-container .swiper-slide figure,.elementor-widget-image-carousel .swiper .swiper-slide figure{line-height:inherit}.elementor-widget-image-carousel .swiper-slide{text-align:center}.elementor-image-carousel-wrapper:not(.swiper-container-initialized):not(.swiper-initialized) .swiper-slide{max-width:calc(100% \/ var(--e-image-carousel-slides-to-show, 3))}<\/style>\t\t<div class=\"elementor-image-carousel-wrapper swiper\" dir=\"ltr\">\n\t\t\t<div class=\"elementor-image-carousel swiper-wrapper swiper-image-stretch\" aria-live=\"off\">\n\t\t\t\t\t\t\t\t<div class=\"swiper-slide\" role=\"group\" aria-roledescription=\"slide\" aria-label=\"1 de 10\"><figure class=\"swiper-slide-inner\"><img decoding=\"async\" class=\"swiper-slide-image\" src=\"https:\/\/www.verticalproteccioncontracaidas.com\/V2.0\/wp-content\/uploads\/elementor\/thumbs\/vertical_nosotros-1-qqame6s8u9s4k0gz2o6omddjl1jy85us2ea1tio9j8.jpg\" alt=\"vertical_nosotros (1)\" \/><\/figure><\/div><div class=\"swiper-slide\" role=\"group\" aria-roledescription=\"slide\" aria-label=\"2 de 10\"><figure class=\"swiper-slide-inner\"><img decoding=\"async\" class=\"swiper-slide-image\" src=\"https:\/\/www.verticalproteccioncontracaidas.com\/V2.0\/wp-content\/uploads\/elementor\/thumbs\/vertical_nosotros-2-qqame6s8u9s4k0gz2o6omddjl1jy85us2ea1tio9j8.jpg\" alt=\"vertical_nosotros (2)\" \/><\/figure><\/div><div class=\"swiper-slide\" role=\"group\" aria-roledescription=\"slide\" aria-label=\"3 de 10\"><figure class=\"swiper-slide-inner\"><img decoding=\"async\" class=\"swiper-slide-image\" src=\"https:\/\/www.verticalproteccioncontracaidas.com\/V2.0\/wp-content\/uploads\/elementor\/thumbs\/vertical_nosotros-3-qqame7q313tevmflx6lb6v506ffbfuyieixjasmvd0.jpg\" alt=\"vertical_nosotros (3)\" \/><\/figure><\/div><div class=\"swiper-slide\" role=\"group\" aria-roledescription=\"slide\" aria-label=\"4 de 10\"><figure class=\"swiper-slide-inner\"><img decoding=\"async\" class=\"swiper-slide-image\" src=\"https:\/\/www.verticalproteccioncontracaidas.com\/V2.0\/wp-content\/uploads\/elementor\/thumbs\/vertical_nosotros-4-qqame8nx7xup78e8rozxrcwgrtaonk28qnl0s2lh6s.jpg\" alt=\"vertical_nosotros (4)\" \/><\/figure><\/div><div class=\"swiper-slide\" role=\"group\" aria-roledescription=\"slide\" aria-label=\"5 de 10\"><figure class=\"swiper-slide-inner\"><img decoding=\"async\" class=\"swiper-slide-image\" src=\"https:\/\/www.verticalproteccioncontracaidas.com\/V2.0\/wp-content\/uploads\/elementor\/thumbs\/vertical_nosotros-5-qqame9lrervziucvm7ekbunxd761v95z2s8i9ck30k.jpg\" alt=\"vertical_nosotros (5)\" \/><\/figure><\/div><div class=\"swiper-slide\" role=\"group\" aria-roledescription=\"slide\" aria-label=\"6 de 10\"><figure class=\"swiper-slide-inner\"><img decoding=\"async\" class=\"swiper-slide-image\" src=\"https:\/\/www.verticalproteccioncontracaidas.com\/V2.0\/wp-content\/uploads\/elementor\/thumbs\/vertical_nosotros-6-qqameajlllx9ugbigpt6wcfdyl1f2y9pewvzqmiouc.jpg\" alt=\"vertical_nosotros (6)\" \/><\/figure><\/div><div class=\"swiper-slide\" role=\"group\" aria-roledescription=\"slide\" aria-label=\"7 de 10\"><figure class=\"swiper-slide-inner\"><img decoding=\"async\" class=\"swiper-slide-image\" src=\"https:\/\/www.verticalproteccioncontracaidas.com\/V2.0\/wp-content\/uploads\/elementor\/thumbs\/vertical_nosotros-7-qqamebhfsfyk62a5b87tgu6ujywsandfr1jh7whao4.jpg\" alt=\"vertical_nosotros (7)\" \/><\/figure><\/div><div class=\"swiper-slide\" role=\"group\" aria-roledescription=\"slide\" aria-label=\"8 de 10\"><figure class=\"swiper-slide-inner\"><img decoding=\"async\" class=\"swiper-slide-image\" src=\"https:\/\/www.verticalproteccioncontracaidas.com\/V2.0\/wp-content\/uploads\/elementor\/thumbs\/vertical_nosotros-8-qqamecf9z9zuho8s5qmg1byb5cs5ich6366yp6fwhw.jpg\" alt=\"vertical_nosotros (8)\" \/><\/figure><\/div><div class=\"swiper-slide\" role=\"group\" aria-roledescription=\"slide\" aria-label=\"9 de 10\"><figure class=\"swiper-slide-inner\"><img decoding=\"async\" class=\"swiper-slide-image\" src=\"https:\/\/www.verticalproteccioncontracaidas.com\/V2.0\/wp-content\/uploads\/elementor\/thumbs\/vertical_nosotros-9-qqamedd46414ta7f0912ltprqqniq1kwfaug6geibo.jpg\" alt=\"vertical_nosotros (9)\" \/><\/figure><\/div><div class=\"swiper-slide\" role=\"group\" aria-roledescription=\"slide\" aria-label=\"10 de 10\"><figure class=\"swiper-slide-inner\"><img decoding=\"async\" class=\"swiper-slide-image\" src=\"https:\/\/www.verticalproteccioncontracaidas.com\/V2.0\/wp-content\/uploads\/elementor\/thumbs\/vertical_nosotros-10-qqameeaycy2f4w61urfp6bh8c4ivxqomrfhxnqd45g.jpg\" alt=\"vertical_nosotros (10)\" \/><\/figure><\/div>\t\t\t<\/div>\n\t\t\t\t\t\t\t\n\t\t\t\t\t\t\t\t\t<\/div>\n\t\t\t\t<\/div>\n\t\t\t\t<\/div>\n\t\t\t\t<\/div>\n\t\t\t\t<\/div>\n\t\t\t\t<\/div>\n\t\t","protected":false},"excerpt":{"rendered":"<p>Expertos en Trabajo Seguro en Alturas: 10 A\u00f1os de Impacto Nacional Bienvenido a nuestra organizaci\u00f3n, l\u00edder en actividades de alto riesgo con m\u00e1s de una d\u00e9cada de experiencia y un impacto significativo a nivel nacional. Nos especializamos en Trabajo Seguro en Alturas, ofreciendo soluciones integrales para la prevenci\u00f3n y protecci\u00f3n del personal en entornos\u00a0desafiantes. Somos [&hellip;]<\/p>\n","protected":false},"author":4,"featured_media":11969,"parent":0,"menu_order":0,"comment_status":"closed","ping_status":"closed","template":"","meta":{"footnotes":""},"class_list":["post-11221","page","type-page","status-publish","has-post-thumbnail","hentry"],"_links":{"self":[{"href":"https:\/\/www.verticalproteccioncontracaidas.com\/V2.0\/wp-json\/wp\/v2\/pages\/11221"}],"collection":[{"href":"https:\/\/www.verticalproteccioncontracaidas.com\/V2.0\/wp-json\/wp\/v2\/pages"}],"about":[{"href":"https:\/\/www.verticalproteccioncontracaidas.com\/V2.0\/wp-json\/wp\/v2\/types\/page"}],"author":[{"embeddable":true,"href":"https:\/\/www.verticalproteccioncontracaidas.com\/V2.0\/wp-json\/wp\/v2\/users\/4"}],"replies":[{"embeddable":true,"href":"https:\/\/www.verticalproteccioncontracaidas.com\/V2.0\/wp-json\/wp\/v2\/comments?post=11221"}],"version-history":[{"count":5,"href":"https:\/\/www.verticalproteccioncontracaidas.com\/V2.0\/wp-json\/wp\/v2\/pages\/11221\/revisions"}],"predecessor-version":[{"id":11941,"href":"https:\/\/www.verticalproteccioncontracaidas.com\/V2.0\/wp-json\/wp\/v2\/pages\/11221\/revisions\/11941"}],"wp:featuredmedia":[{"embeddable":true,"href":"https:\/\/www.verticalproteccioncontracaidas.com\/V2.0\/wp-json\/wp\/v2\/media\/11969"}],"wp:attachment":[{"href":"https:\/\/www.verticalproteccioncontracaidas.com\/V2.0\/wp-json\/wp\/v2\/media?parent=11221"}],"curies":[{"name":"wp","href":"https:\/\/api.w.org\/{rel}","templated":true}]}}